ide 624?
True
Is 40 a factor of 5920?
True
Is 8946 a multiple of 9?
True
Does 38 divide 14782?
True
Is 13709 a multiple of 13?
False
Is 56 a multiple of 14?
True
Is 10 a factor of 185?
False
Is 261 a factor of 58962?
False
Does 34 divide 103154?
False
Is 60258 a multiple of 116?
False
Does 10 divide 110099?
False
Does 23 divide 713?
True
Does 14 divide 756?
True
Does 20 divide 180?
True
Does 42 divide 20370?
True
Is 9 a factor of 918?
True
Does 207 divide 47888?
False
Is 42 a factor of 171?
False
Is 7 a factor of 450?
False
Does 95 divide 6365?
True
Is 80 a factor of 18807?
False
Does 6 divide 432?
True
Is 2703 a multiple of 53?
True
Does 34 divide 1428?
True
Does 18 divide 1187?
False
Is 1463 a multiple of 19?
True
Is 694 a multiple of 16?
False
Is 420 a multiple of 21?
True
Does 5 divide 506?
False
Is 28 a factor of 20720?
True
Is 58 a factor of 2610?
True
Does 21 divide 56424?
False
Is 7 a factor of 15701?
True
Does 181 divide 5249?
True
Does 12 divide 916?
False
Is 6 a factor of 138?
True
Does 5 divide 1290?
True
Does 26 divide 77?
False
Does 223 divide 19593?
False
Does 30 divide 2635?
False
Is 91 a factor of 51114?
False
Is 214 a multiple of 18?
False
Does 11 divide 880?
True
Does 12 divide 291?
False
Is 27 a factor of 15124?
False
Is 45100 a multiple of 163?
False
Does 27 divide 35829?
True
Is 7 a factor of 1516?
False
Is 92120 a multiple of 280?
True
Is 6 a factor of 28?
False
Is 34 a factor of 1758?
False
Is 7482 a multiple of 58?
True
Is 1820 a multiple of 70?
True
Is 51 a factor of 32853?
False
Is 22 a factor of 69?
False
Is 23 a factor of 1150?
True
Is 6550 a multiple of 10?
True
Is 62 a factor of 13702?
True
Is 65 a factor of 8822?
False
Does 14 divide 826?
True
Is 8325 a multiple of 45?
True
Is 226 a factor of 7458?
True
Is 270 a multiple of 45?
True
Is 141971 a multiple of 403?
False
Does 9 divide 558?
True
Does 33 divide 33?
True
Does 93 divide 1959?
False
Is 9 a factor of 1368?
True
Is 70 a factor of 41225?
False
Does 14 divide 70182?
True
Does 49 divide 7448?
True
Does 14 divide 910?
True
Is 20468 a multiple of 14?
True
Is 8024 a multiple of 17?
True
Does 252 divide 77616?
True
Is 9 a factor of 3573?
True
Does 27 divide 1323?
True
Does 12 divide 312?
True
Is 5 a factor of 708?
False
Is 5206 a multiple of 31?
False
Is 2 a factor of 133?
False
Is 270 a multiple of 15?
True
Does 42 divide 47115?
False
Does 18 divide 988?
False
Is 2562 a multiple of 7?
True
Does 35 divide 1540?
True
Does 33 divide 642?
False
Does 7 divide 2163?
True
Is 18931 a multiple of 52?
False
Is 29 a factor of 1251?
False
Does 39 divide 66807?
True
Is 14 a factor of 364?
True
Is 124470 a multiple of 18?
True
Does 57 divide 1710?
True
Is 1418 a multiple of 126?
False
Does 14 divide 59575?
False
Is 4 a factor of 44?
True
Is 60 a multiple of 3?
True
Is 13 a factor of 2210?
True
Is 14 a factor of 7154?
True
Is 1581 a multiple of 31?
True
Does 8 divide 2672?
True
Is 3638 a multiple of 2?
True
Is 67 a factor of 2814?
True
Does 28 divide 22856?
False
Is 26 a factor of 416?
True
Is 183 a factor of 3294?
True
Is 612 a multiple of 4?
True
Is 15 a factor of 4511?
False
Is 162 a factor of 20736?
True
Is 10455 a multiple of 5?
True
Is 26 a multiple of 13?
True
Is 2 a factor of 502?
True
Is 12954 a multiple of 51?
True
Does 86 divide 946?
True
Is 4616 a multiple of 21?
False
Does 3 divide 7775?
False
Is 84 a multiple of 7?
True
Is 18 a factor of 664?
False
Does 117 divide 9009?
True
Does 9 divide 1314?
True
Is 12027 a multiple of 5?
False
Is 10096 a multiple of 8?
True
Is 27 a factor of 324?
True
Does 61 divide 6914?
False
Is 62 a factor of 51385?
False
Is 51 a factor of 2589?
False
Does 19 divide 31844?
True
Is 814 a multiple of 2?
True
Is 18 a factor of 558?
True
Is 3149 a multiple of 18?
False
Is 14 a factor of 518?
True
Does 53 divide 2154?
False
Is 34 a factor of 6630?
True
Is 44560 a multiple of 80?
True
Does 23 divide 4910?
False
Is 1456 a multiple of 19?
False
Is 459 a multiple of 12?
False
Does 225 divide 29250?
True
Is 972 a multiple of 55?
False
Is 96 a factor of 1735?
False
Is 3420 a multiple of 3?
True
Does 5 divide 1856?
False
Does 3 divide 1283?
False
Is 207 even?
False
Is 375 a multiple of 15?
True
Does 4 divide 5942?
False
Is 136787 a multiple of 373?
False
Is 216 a multiple of 9?
True
Does 4 divide 139?
False
Is 6085 a multiple of 5?
True
Is 22 a factor of 78029?
False
Does 136 divide 8348?
False
Is 63 a factor of 1494?
False
Is 17 a factor of 2414?
True
Is 11 a factor of 71?
False
Does 116 divide 17632?
True
Is 777 a multiple of 6?
False
Is 448 a multiple of 32?
True
Does 23 divide 10994?
True
Is 6456 a multiple of 8?
True
Does 154 divide 3779?
False
Is 30 a factor of 20700?
True
Does 23 divide 30222?
True
Does 51 divide 40545?
True
Does 60 divide 2940?
True
Does 56 divide 1439?
False
Is 76 a factor of 3116?
True
Is 8 a factor of 10075?
False
Does 12 divide 312?
True
Is 10210 a multiple of 10?
True
Is 63360 a multiple of 144?
True
Is 56235 a multiple of 6?
False
Does 5 divide 253?
False
Does 9 divide 11790?
True
Does 2 divide 56?
True
Does 19 divide 4107?
False
Is 80977 a multiple of 167?
False
Is 12701 a multiple of 29?
False
Is 46 a factor of 7254?
False
Is 52287 a multiple of 87?
True
Does 9 divide 16986?
False
Is 13 a factor of 57?
False
Is 139 a multiple of 3?
False
Is 5244 a multiple of 110?
False
Is 20 a factor of 4720?
True
Does 26 divide 442?
True
Is 7729 a multiple of 107?
False
Is 6 a factor of 708?
True
Is 57 a factor of 575?
False
Is 10 a factor of 1630?
True
Is 72 a multiple of 8?
True
Is 3287 a multiple of 2?
False
Does 32 divide 4352?
True
Is 23752 a multiple of 19?
False
Is 91 a multiple of 2?
False
Does 8 divide 6656?
True
Is 4 a factor of 8166?
False
Does 18 divide 1566?
True
Does 45 divide 553?
False
Does 28 divide 13916?
True
Is 8 a factor of 1807?
False
Is 71 a factor of 8875?
True
Does 93 divide 5487?
True
Does 8 divide 1392?
True
Is 20500 a multiple of 50?
True
Is 10 a factor of 3210?
True
Is 37 a factor of 28165?
False
Is 37 a multiple of 3?
False
Does 55 divide 4290?
True
Is 22 a factor of 2496?
False
Is 32 a factor of 974?
False
Is 13 a factor of 11197?
False
Is 224 a multiple of 8?
True
Is 24 a factor of 198?
False
Is 3 a factor of 5307?
True
Is 4 a factor of 248?
True
Does 26 divide 46462?
True
Does 57 divide 9063?
True
Is 48 a factor of 1203?
False
Does 12 divide 2286?
False
Does 13 divide 592?
False
Is 2523 a multiple of 3?
True
Is 17336 a multiple of 21?
False
Is 67 even?
False
Is 14 a factor of 1139?
False
Is 12910 a multiple of 11?
False
Is 1263 a multiple of 58?
False
Does 16 divide 25608?
False
Does 78 divide 8268?
True
Does 13 divide 52?
True
Is 1786 a multiple of 19?
True
Does 21 divide 2590?
False
Is 1912 a multiple of 47?
False
Is 136384 a multiple of 17?
False
Is 2480 a multiple of 62?
True
Is 138 a multiple of 10?
False
Does 184 divide 51336?
True
Is 5048 a multiple of 5?
False
Is 5 a factor of 4746?
False
Is 32 a factor of 19214?
False
Is 48646 a multiple of 54?
False
Is 6621 a multiple of 18?
False
Is 99 a factor of 10494?
True
Is 1411 a multiple of 5?
False
Is 6 a factor of 354?
True
Is 1032 a multiple of 6?
True
Does 19 divide 6846?
False
Is 1736 a multiple of 31?
True
Is 18 a factor of 162?
True
Does 25 divide 4358?
False
Does 114 divide 10965?
False
Does 2 divide 21022?
True
Is 228 a multiple of 3?
True
Is 1468 a multiple of 8?
False
Is 60427 a multiple of 72?
False
Does 80 divide 83840?
True
Does 3 divide 69?
True
Is 40 a factor of 163?
False
Is 42 a factor of 13898?
False
Does 29 divide 882?
False
Is 26 a factor of 72?
False
Is 62 a factor of 9293?
False
Is 22491 a multiple of 7?
True
Does 59 divide 7552?
True
Is 11 a factor of 14159?
False
Does 97 divide 2693?
False
Is 6064 a multiple of 169?
False
Does 45 divide 2655?
True
Does 148 divide 27528?
True
Does 33 divide 462?
True
Is 1890 a multiple of 51?
False
Is 765 a multiple of 26?
False
Is 208 a multiple of 13?
True
Does 14 divide 6807?
False
Does 119 divide 3927?
True
Is 11 a factor of 2523?
False
Is 1991 a multiple of 25?
False
Is 20 a factor of 10442?
False
Does 32 divide 42336?
True
Does 26 divide 8892?
True
Is 54795 a multiple of 16?
False
Does 3 divide 19708?
False
Is 103 a factor of 6751?
False
Is 17769 a multiple of 6?
False
Is 28 a facto